pose 5*i - 4*i = -2*u + 26, -i = -2*u + 22. What is the remainder when u is divided by 4?
0
Let y(z) = z + 46. What is the remainder when y(-13) is divided by 10?
3
Let l(o) = -o**3 + 2*o + 3. Let f be l(-2). Let u = f + 3. What is the remainder when u is divided by 6?
4
Let y be -1 + -4 + -4 + 47. Suppose -22 = -2*z + y. Calculate the remainder when z is divided by 0 - 8*(-3 + 1).
14
Suppose -2*j + 16 = -8. Let g = -1 + j. What is the remainder when g is divided by 6?
5
Suppose 4*x = -0*x + 176. Suppose 2 = 5*n + 7. Let o = 14 - n. What is the remainder when x is divided by o?
14
Let x(y) be the third derivative of y**4/4 - y**3/6 - 3*y**2. What is the remainder when 18 is divided by x(2)?
7
Suppose 8*v = v + 574. Calculate the remainder when v is divided by 28.
26
Let t(o) = -3*o - 6. What is the remainder when t(-11) is divided by 6?
3
Let q(s) = -s**3 - 4*s**2 + 3*s - 3. What is the remainder when q(-6) is divided by 13?
12
Let i = 18 + 39. Let c = -34 - -49. Calculate the remainder when i is divided by c.
12
Let l(f) = -f - 15. Let b be l(-12). Calculate the remainder when 16 is divided by b + (10 - (-1)/(-1)).
4
Calculate the remainder when 18 is divided by (-4)/(-4) - -1 - (-5 - 0).
4
Suppose -6*q = -5*q - 227. Let t = -160 + q. What is the remainder when t is divided by 17?
16
Let c be 1/(-5) - 21/(-5). Let b = -5 + 12. What is the remainder when b is divided by (2/c)/(6/36)?
1
Let f = -8 + 13. What is the remainder when f is divided by 2?
1
Let j = -4 - -2. Let n = -2 - j. Let m(t) = -t + 10. What is the remainder when 28 is divided by m(n)?
8
Let x = 10 - -2. Calculate the remainder when x is divided by 10.
2
Let k = -39 + 5. Let q = k - -69. Calculate the remainder when q is divided by (-68)/(-6) + 4/6.
11
Let a be ((-52)/4 - -1)/(-2). Let d(h) = -h**3 + 7*h**2 - 6*h + 8. Calculate the remainder when d(a) is divided by 3.
2
Suppose -5*y + 10 = 2*d, -2*y + 6*y = -3*d + 15. Suppose 3*m + y*r - 5*r = 39, -4*m + 2*r = -38. Let s = -1 + 4. Calculate the remainder when m is divided by s.
2
Let q(c) = 14*c**2 - 19*c + 8. Let b(y) = 7*y**2 - 9*y + 4. Let l(t) = 9*b(t) - 4*q(t). Calculate the remainder when l(3) is divided by 18.
16
Let t = -2 - -2. Suppose t*o = 3*o + 27. Let n = -4 - o. What is the remainder when n is divided by 3?
2
What is the remainder when (5/2 + -3)*1*-38 is divided by 5?
4
Suppose 2*y + 3*j - 6*j - 89 = 0, -167 = -4*y - 5*j. What is the remainder when 212 is divided by y?
40
Let x(v) = v**2 - 5. Let m be x(4). Let w be 1*-1 + m + -2. Suppose -y + 3*n + w = 2*n, 2*n + 42 = 4*y. What is the remainder when y is divided by 7?
6
Let k = -115 - -137. Calculate the remainder when 63 is divided by k.
19
Suppose 0 = -13*i + 8*i. Suppose 2*c + 5*v - 19 = i, 4*c + v = 2*v + 49. What is the remainder when 45 is divided by c?
9
Suppose -t - 3*q = -69, -2*q = -5*t + 2*q + 288. Let l(z) = z**2 - 4*z + 9. What is the remainder when t is divided by l(6)?
18
Suppose -198 = -5*d + 502. Suppose d = 5*s + j, -50 - 3 = -2*s - j. Calculate the remainder when s is divided by 10.
9
Let k = 3 - -2. Suppose k*l = -0*t - 4*t + 61, 39 = 3*l + 3*t. Let p(o) = o + 26. What is the remainder when p(0) is divided by l?
8
Let c(z) = -2*z + 46. Calculate the remainder when c(0) is divided by 16.
14
Let t = 11 + -8. Let v be (t + -2)*(-5)/(-1). Suppose 0 = -5*r + 50 + v. What is the remainder when r is divided by 7?
4
Let y be (14 + 1)*1/3. Suppose 40 = d + d - n, 85 = 5*d + y*n. Suppose -2*k + k = 3*q - 17, 0 = -5*q - 4*k + 19. Calculate the remainder when d is divided by q.
5
Let w = -3 - -9. What is the remainder when 21 is divided by w?
3
Suppose 4*o - 74 = -3*h, -24 = -o + 2*h - 0*h. What is the remainder when o is divided by 6?
2
Suppose 0 = -4*c + 5*u - 4*u + 13, -3*u = 15. Let l(k) = -k**3 + 5*k**2 - 3*k - 1. Calculate the remainder when l(4) is divided by c.
1
Suppose 0 = -3*a - a + 4. Suppose f = -3*f. Let c(q) = -q + 1. Calculate the remainder when a is divided by c(f).
0
Let z = -12 - -26. Calculate the remainder when 60 is divided by z*(-4)/(-8)*3.
18
Let v(l) = -l**2 - 2*l + 4*l**2 - 4 - 2*l**2. Calculate the remainder when v(5) is divided by (-74)/(-12) + (-2)/12.
5
Let r(z) = z**3 + 5*z**2 + 3*z - 4. Suppose p - 5*g + 8 = 0, 2 - 7 = -5*g. What is the remainder when 13 is divided by r(p)?
3
What is the remainder when 3 - 3 - (-2)/1 is divided by 1?
0
Suppose -12 = -i + 7. Suppose -4*s - b + 4 = 0, -s + 5*b = -0 - 22. Suppose -s*z = -4*k - 6, -4*k = -2*z - k + 10. What is the remainder when i is divided by z?
8
Let m = -10 + 22. Suppose 3*b - 1 - 11 = 0. Calculate the remainder when (27/m)/(6/16) is divided by b.
2
Let h(i) = -2*i**3 - 9*i**2 - 5*i + 1. Calculate the remainder when 18 is divided by h(-4).
3
Suppose 2*k + 4*m - 234 = 0, -3*m - 107 = 2*k - 3*k. What is the remainder when k is divided by 38?
37
Let t be 6/15 - (-42)/(-5). Let x be (t/2)/((-5)/(-10)). Calculate the remainder when (-73 - 1)*4/x is divided by 13.
11
Suppose 3*x + 25 = 5*k + 7*x, 5*k - 70 = 5*x. Calculate the remainder when 24 is divided by k.
6
Suppose -q + 76 = 4*l - 5*q, 0 = -5*l + q + 75. What is the remainder when 91/28*(-16)/(-2) is divided by l?
12
Suppose -4*h + 93 = -91. Suppose -4*z + h = -18. What is the remainder when z is divided by ((-6 + 8)*-1)/(4/(-18))?
7
Let q = 75 + -35. Calculate the remainder when q is divided by 14.
12
Let c = 53 - 28. What is the remainder when 99 is divided by c?
24
What is the remainder when 63 is divided by (-4)/(-6) + 12*(-48)/(-27)?
19
Let p = 1 - -5. Let a(q) = q**3 - 7*q**2 + 4*q - 5. Let c be a(p). What is the remainder when c*(-2 - (-2 - -2)) is divided by 18?
16
Let x = 39 - 21. What is the remainder when ((-22)/(-275)*-15)/(2/(-115)) is divided by x?
15
Suppose -a + 0*a + 28 = 0. Let g = a - 11. What is the remainder when 34 + 5/(5/(-2)) is divided by g?
15
Let l(o) = -o**2 + 10*o - 2. Calculate the remainder when l(4) is divided by 8.
6
Suppose j - 16 = 21. What is the remainder when j is divided by 13?
11
Let y(m) = 45*m**3 - 3*m + 3. Calculate the remainder when 85 is divided by y(1).
40
Let g(k) = 4*k - 2. Calculate the remainder when 1 + -1 + 18 + -1 is divided by g(2).
5
Suppose -5*r + 0*r = -50. Suppose -h - r = -6*h. What is the remainder when 2/(-9) - (-29)/9 is divided by h?
1
Suppose u + u = 116. What is the remainder when u is divided by 15?
13
Let m = 192 + -341. Let t = 225 + m. Calculate the remainder when t is divided by 26.
24
Let b(v) = -v**3 - 2*v - 8*v**2 + 6*v - 5*v - 3. Let z be b(-8). Suppose 4*g - 3*a = 72, 3*g + 2*a - z*a = 54. What is the remainder when 52 is divided by g?
16
Suppose 0 = -3*v - 6, -57 = -s + 5*v - v. What is the remainder when s is divided by 13?
10
Suppose 0 = 2*q - 25 - 9. What is the remainder when q is divided by 4?
1
Let g = 5 - -27. Calculate the remainder when g is divided by 17.
15
Let q = -13 - -27. Suppose -5*r + 11 + q = 0. Let n = r - 3. What is the remainder when 5 is divided by n?
1
Suppose -o - 49 = -3*u, -3*o - 5*u + u = 199. Let a = o + 85. Let m = a + -14. What is the remainder when 28 is divided by m?
8
Let w be (52/(-10))/(2/10). Let c = -13 - w. Let a = c - 7. Calculate the remainder when 11 is divided by a.
5
Let a = 60 + -34. What is the remainder when a is divided by 15?
11
Suppose -3*p = -26 - 28. Let f = p + -4. What is the remainder when 26 is divided by f?
12
Let u be 152/12 + (-2)/(-6). Calculate the remainder when 53 is divided by u + 2/(2 - 0).
11
Suppose -4*w + 14 = -34. Let x = -232 + 458. Calculate the remainder when 3/(-5) - x/(-10) is divided by w.
10
Let t = 11 + -11. Suppose t*f + 3*f = 3, 2*f = -2*o + 2. Suppose o = 2*k - 2*p - p - 41, 2*k - 20 = -4*p. Calculate the remainder when 47 is divided by k.
15
Let y be -2*(-3 - (-342)/(-4)). Suppose 0*o - y = -3*o. Suppose 4*i - 76 = -4*k, 53 + o = 4*k - 5*i. What is the remainder when k is divided by 8?
7
Suppose 3*b - 15 - 129 = 0. Let o = b - 7. What is the remainder when o is divided by 14?
13
Suppose x - 4*i + 1 = -0, 0 = 2*x + i + 20. Let g = x + 32. Suppose 3*l - 4*j = 28, -6*j + j + 11 = 2*l. Calculate the remainder when g is divided by l.
7
Let m(g) = -g**2 + 8*g + 13. Suppose -15 = -4*r + 4*q - 3*q, 9 = r - 2*q. What is the remainder when r/(-1)*(-14)/6 is divided by m(9)?
3